s digit of 24198949?
9
What is the units digit of 64387686?
6
What is the tens digit of 996963707?
0
What is the units digit of 5484597406?
6
What is the tens digit of 35491310?
1
What is the hundred millions digit of 1573167191?
5
What is the millions digit of 19429017?
9
What is the units digit of 1151166881?
1
What is the hundred millions digit of 2030729096?
0
What is the tens digit of 7201000778?
7
What is the hundreds digit of 1915008269?
2
What is the billions digit of 1239171135?
1
What is the thousands digit of 66284321?
4
What is the tens digit of 15368349?
4
What is the billions digit of 6339284774?
6
What is the ten millions digit of 55371195?
5
What is the units digit of 150342162?
2
What is the ten millions digit of 3953109074?
5
What is the millions digit of 535473763?
5
What is the thousands digit of 1692287323?
7
What is the units digit of 370558904?
4
What is the tens digit of 5666659645?
4
What is the hundreds digit of 70214193?
1
What is the thousands digit of 5755665017?
5
What is the hundred thousands digit of 97230630?
2
What is the hundreds digit of 803792678?
6
What is the units digit of 2708336?
6
What is the hundreds digit of 13886600?
6
What is the hundred thousands digit of 68533376?
5
What is the units digit of 117339858?
8
What is the thousands digit of 135430164?
0
What is the ten thousands digit of 5180101066?
0
What is the hundred millions digit of 775177249?
7
What is the ten millions digit of 31109103?
3
What is the ten thousands digit of 32054113?
5
What is the ten thousands digit of 65410381?
1
What is the ten millions digit of 3202116332?
0
What is the ten thousands digit of 147658060?
5
What is the units digit of 34829300?
0
What is the ten thousands digit of 69262772?
6
What is the ten thousands digit of 47036740?
3
What is the thousands digit of 315687117?
7
What is the hundred thousands digit of 882072293?
0
What is the hundreds digit of 1755926482?
4
What is the ten thousands digit of 7047919597?
1
What is the tens digit of 45406536?
3
What is the hundreds digit of 72360140?
1
What is the ten thousands digit of 891288?
9
What is the tens digit of 122809851?
5
What is the units digit of 113250036?
6
What is the ten thousands digit of 32667813?
6
What is the hundreds digit of 83461556?
5
What is the units digit of 21903389?
9
What is the billions digit of 2399577300?
2
What is the thousands digit of 60954568?
4
What is the tens digit of 410864057?
5
What is the hundreds digit of 896706212?
2
What is the millions digit of 725998973?
5
What is the hundred thousands digit of 60647426?
6
What is the ten thousands digit of 45253261?
5
What is the tens digit of 535488400?
0
What is the hundreds digit of 4896085136?
1
What is the hundred thousands digit of 4766707990?
7
What is the thousands digit of 146974195?
4
What is the hundred millions digit of 3496822262?
4
What is the thousands digit of 246571293?
1
What is the hundred thousands digit of 106348493?
3
What is the units digit of 75158701?
1
What is the hundred thousands digit of 6241035117?
0
What is the units digit of 235417011?
1
What is the thousands digit of 975106084?
6
What is the hundreds digit of 45377365?
3
What is the thousands digit of 49839780?
9
What is the thousands digit of 23774441?
4
What is the units digit of 89774884?
4
What is the units digit of 374660279?
9
What is the units digit of 973415535?
5
What is the hundreds digit of 139999241?
2
What is the units digit of 88295316?
6
What is the units digit of 4153944?
4
What is the billions digit of 3666829659?
3
What is the millions digit of 340956679?
0
What is the ten millions digit of 278107083?
7
What is the hundreds digit of 321488929?
9
What is the ten millions digit of 2683167907?
8
What is the hundred thousands digit of 93124035?
1
What is the billions digit of 4066023993?
4
What is the millions digit of 825496418?
5
What is the millions digit of 207165010?
7
What is the tens digit of 2232744696?
9
What is the hundred thousands digit of 173942057?
9
What is the hundred thousands digit of 89422132?
4
What is the hundreds digit of 314133729?
7
What is the units digit of 185056382?
2
What is the ten millions digit of 85125022?
8
What is the ten thousands digit of 565692935?
9
What is the hundreds digit of 457552915?
9
What is the ten thousands digit of 937589029?
8
What is the ten thousands digit of 131236444?
3
What is the tens digit of 3522675362?
6
What is the billions digit of 3555271934?
3
What is the hundred thousands digit of 308455471?
4
What is the ten thousands digit of 1756974992?
7
What is the ten thousands digit of 143933295?
3
What is the hundred thousands digit of 291190976?
1
What is the thousands digit of 498380849?
0
What is the thousands digit of 1824478957?
8
What is the ten thousands digit of 1078553234?
5
What is the ten thousands digit of 1638923515?
2
What is the units digit of 130587635?
5
What is the millions digit of 88315177?
8
What is the ten millions digit of 43410108?
4
What is the hundreds digit of 34516730?
7
What is the ten millions digit of 276849916?
7
What is the units digit of 111923286?
6
What is the units digit of 231740070?
0
What is the units digit of 41002186?
6
What is the hundred thousands digit of 2332584516?
5
What is the thousands digit of 76206893?
6
What is the hundred thousands digit of 913423675?
4
What is the units digit of 1817930970?
0
What is the tens digit of 179945891?
9
What is the hundreds digit of 64795176?
1
What is the billions digit of 1007550170?
1
What is the millions digit of 794690202?
4
What is the millions digit of 691248635?
1
What is the hundred thousands digit of 325836310?
8
What is the tens digit of 415187383?
8
What is the millions digit of 447371142?
7
What is the hundreds digit of 54233405?
4
What is the hundred thousands digit of 575735302?
7
What is the thousands digit of 650138051?
8
What is the hundred thousands digit of 77883403?
8
What is the hundreds digit of 284676234?
2
What is the hundred thousands digit of 217387470?
3
What is the millions digit of 89610959?
9
What is the ten thousands digit of 1252196121?
9
What is the ten millions digit of 900322525?
0
What is the ten thousands digit of 4719446436?
4
What is the units digit of 233565011?
1
What is the hundreds digit of 1397677339?
3
What is the millions digit of 1098005270?
8
What is the ten millions digit of 20730626?
2
What is the ten thousands digit of 48048530?
4
What is the tens digit of 47848081?
8
What is the ten thousands digit of 438725471?
2
What is the hundred millions digit of 7840501529?
8
What is the units digit of 815811373?
3
What is the thousands digit of 116164918?
4
What is the ten millions digit of 834876920?
3
What is the units digit of 610436519?
9
What is the hundreds digit of 212353763?
7
What is the tens digit of 41600202?
0
What is the thousands digit of 1000600755?
0
What is the thousands digit of 111025261?
5
What is the hundreds digit of 213627227?
2
What is the hundreds digit of 2578018848?
8
What is the millions digit of 345157251?
5
What is the ten millions digit of 149632226?
4
What is the thousands digit of 861457649?
7
What is the millions digit of 841915498?
1
What is the units digit of 20104430?
0
What is the ten millions digit of 85725984?
8
What is the tens digit of 401069342?
4
What is the millions digit of 88710936?
8
What is the tens digit of 31126411?
1
What is the hundreds digit of 60471112?
1
What is the hundreds digit of 2652097258?
2
What is the tens digit of 146819941?
4
What is the units digit of 871108232?
2
What is the ten millions digit of 122956623?
2
What is the units digit of 2169212?
2
What is the hundreds digit of 1470145876?
8
What is the ten millions digit of 183120583?
8
What is the billions digit of 4287635519?
4
What is the thousands digit of 300207794?
7
What is the hundred thousands digit of 1064170746?
1
What is the units digit of 1086227341?
1
What is the ten millions digit of 460494327?
6
What is the tens digit of 548785015?
1
What is the tens digit of 98723951?
5
What is the ten millions digit of 567109115?
6
What is the thousands digit of 273522470?
2
What is the millions digit of 3510553767?
0
What is the hundreds digit of 124510341?
3
What is the hundreds digit of 2084